{"version":"1.0","provider_name":"PULSE","provider_url":"https:\/\/pulse-beziers.fr","author_name":"admin2231","author_url":"https:\/\/pulse-beziers.fr\/index.php\/author\/admin2231\/","title":"Les Rencontres de l\u2019Emploi sp\u00e9cial INTERIM le Mardi 6 janvier 2024 - PULSE","type":"rich","width":600,"height":338,"html":"<blockquote class=\"wp-embedded-content\" data-secret=\"6FTUVBv7EZ\"><a href=\"https:\/\/pulse-beziers.fr\/index.php\/2024\/02\/07\/les-rencontres-de-lemploi-special-interim\/\">Les Rencontres de l\u2019Emploi sp\u00e9cial INTERIM le Mardi 6 janvier 2024<\/a><\/blockquote><iframe sandbox=\"allow-scripts\" security=\"restricted\" src=\"https:\/\/pulse-beziers.fr\/index.php\/2024\/02\/07\/les-rencontres-de-lemploi-special-interim\/embed\/#?secret=6FTUVBv7EZ\" width=\"600\" height=\"338\" title=\"\u00ab\u00a0Les Rencontres de l\u2019Emploi sp\u00e9cial INTERIM le Mardi 6 janvier 2024\u00a0\u00bb &#8212; PULSE\" data-secret=\"6FTUVBv7EZ\" frameborder=\"0\" marginwidth=\"0\" marginheight=\"0\" scrolling=\"no\" class=\"wp-embedded-content\"><\/iframe><script type=\"text\/javascript\">\n\/* <![CDATA[ *\/\n\/*! This file is auto-generated *\/\n!function(d,l){\"use strict\";l.querySelector&&d.addEventListener&&\"undefined\"!=typeof URL&&(d.wp=d.wp||{},d.wp.receiveEmbedMessage||(d.wp.receiveEmbedMessage=function(e){var t=e.data;if((t||t.secret||t.message||t.value)&&!\/[^a-zA-Z0-9]\/.test(t.secret)){for(var s,r,n,a=l.querySelectorAll('iframe[data-secret=\"'+t.secret+'\"]'),o=l.querySelectorAll('blockquote[data-secret=\"'+t.secret+'\"]'),c=new RegExp(\"^https?:$\",\"i\"),i=0;i<o.length;i++)o[i].style.display=\"none\";for(i=0;i<a.length;i++)s=a[i],e.source===s.contentWindow&&(s.removeAttribute(\"style\"),\"height\"===t.message?(1e3<(r=parseInt(t.value,10))?r=1e3:~~r<200&&(r=200),s.height=r):\"link\"===t.message&&(r=new URL(s.getAttribute(\"src\")),n=new URL(t.value),c.test(n.protocol))&&n.host===r.host&&l.activeElement===s&&(d.top.location.href=t.value))}},d.addEventListener(\"message\",d.wp.receiveEmbedMessage,!1),l.addEventListener(\"DOMContentLoaded\",function(){for(var e,t,s=l.querySelectorAll(\"iframe.wp-embedded-content\"),r=0;r<s.length;r++)(t=(e=s[r]).getAttribute(\"data-secret\"))||(t=Math.random().toString(36).substring(2,12),e.src+=\"#?secret=\"+t,e.setAttribute(\"data-secret\",t)),e.contentWindow.postMessage({message:\"ready\",secret:t},\"*\")},!1)))}(window,document);\n\/* ]]> *\/\n<\/script>\n","thumbnail_url":"https:\/\/pulse-beziers.fr\/wp-content\/uploads\/2024\/02\/facebook_1705142535087_7151886155485679200.jpg","thumbnail_width":1080,"thumbnail_height":1528,"description":"Mardi 6 janvier 2024, le PLIE B\u00e9ziers M\u00e9diterran\u00e9e, France Travail et la MLI organisent en partenariat avec la Ville de B\u00e9ziers et l\u2019Agglom\u00e9ration B\u00e9ziers M\u00e9diterran\u00e9e les Rencontres de l\u2019Emploi sp\u00e9cial INTERIM, qui se tiendront au Palais des Congr\u00e8s de B\u00e9ziers. Une trentaine d\u2019agences sera pr\u00e9sente avec des besoins en recrutement dans de nombreux secteurs d\u2019activit\u00e9 [&hellip;]"}

Les Rencontres de l’Emploi spécial INTERIM le Mardi 6 janvier 2024 - PULSE

<blockquote class="wp-embedded-content" data-secret="6FTUVBv7EZ"><a href="https://pulse-beziers.fr/index.php/2024/02/07/les-rencontres-de-lemploi-special-interim/">Les Rencontres de l’Emploi spécial INTERIM le Mardi 6 janvier 2024</a></blockquote><iframe sandbox="allow-scripts" security="restricted" src="https://pulse-beziers.fr/index.php/2024/02/07/les-rencontres-de-lemploi-special-interim/embed/#?secret=6FTUVBv7EZ" width="600" height="338" title="« Les Rencontres de l’Emploi spécial INTERIM le Mardi 6 janvier 2024 » &#8212; PULSE" data-secret="6FTUVBv7EZ" frameborder="0" marginwidth="0" marginheight="0" scrolling="no" class="wp-embedded-content"></iframe><script type="text/javascript">
/* <![CDATA[ */
/*! This file is auto-generated */
!function(d,l){"use strict";l.querySelector&&d.addEventListener&&"undefined"!=typeof URL&&(d.wp=d.wp||{},d.wp.receiveEmbedMessage||(d.wp.receiveEmbedMessage=function(e){var t=e.data;if((t||t.secret||t.message||t.value)&&!/[^a-zA-Z0-9]/.test(t.secret)){for(var s,r,n,a=l.querySelectorAll('iframe[data-secret="'+t.secret+'"]'),o=l.querySelectorAll('blockquote[data-secret="'+t.secret+'"]'),c=new RegExp("^https?:$","i"),i=0;i<o.length;i++)o[i].style.display="none";for(i=0;i<a.length;i++)s=a[i],e.source===s.contentWindow&&(s.removeAttribute("style"),"height"===t.message?(1e3<(r=parseInt(t.value,10))?r=1e3:~~r<200&&(r=200),s.height=r):"link"===t.message&&(r=new URL(s.getAttribute("src")),n=new URL(t.value),c.test(n.protocol))&&n.host===r.host&&l.activeElement===s&&(d.top.location.href=t.value))}},d.addEventListener("message",d.wp.receiveEmbedMessage,!1),l.addEventListener("DOMContentLoaded",function(){for(var e,t,s=l.querySelectorAll("iframe.wp-embedded-content"),r=0;r<s.length;r++)(t=(e=s[r]).getAttribute("data-secret"))||(t=Math.random().toString(36).substring(2,12),e.src+="#?secret="+t,e.setAttribute("data-secret",t)),e.contentWindow.postMessage({message:"ready",secret:t},"*")},!1)))}(window,document);
/* ]]> */
</script>

Mardi 6 janvier 2024, le PLIE Béziers Méditerranée, France Travail et la MLI organisent en partenariat avec la Ville de Béziers et l’Agglomération Béziers Méditerranée les Rencontres de l’Emploi spécial INTERIM, qui se tiendront au Palais des Congrès de Béziers. Une trentaine d’agences sera présente avec des besoins en recrutement dans de nombreux secteurs d’activité [&hellip;]
