{"id":4324,"date":"2024-02-08T09:21:11","date_gmt":"2024-02-08T08:21:11","guid":{"rendered":"https:\/\/pulse-beziers.fr\/?post_type=product&#038;p=4324"},"modified":"2025-12-04T12:33:38","modified_gmt":"2025-12-04T11:33:38","slug":"rejoindre-pulse-beziers-mediterranee","status":"publish","type":"product","link":"https:\/\/pulse-beziers.fr\/index.php\/produit\/rejoindre-pulse-beziers-mediterranee\/","title":{"rendered":"Rejoindre PULSE B\u00e9ziers M\u00e9diterran\u00e9e"},"content":{"rendered":"","protected":false},"excerpt":{"rendered":"<p>Rejoindre PULSE B\u00e9ziers M\u00e9diterran\u00e9e, c\u2019est int\u00e9grer un r\u00e9seau d\u2019entreprises, d\u2019institutions, d\u2019acteurs de la<br \/>\nformation, de structures d\u2019accompagnement et de collectivit\u00e9s engag\u00e9s dans le d\u00e9veloppement \u00e9conomique<br \/>\ndu Biterrois.<\/p>\n<p>Montant de la cotisation 2026 : 50 \u20ac<label>\u00a0<\/label><\/p>\n<p><label>L\u2019adh\u00e9sion sera effective \u00e0 r\u00e9ception du r\u00e8glement. Un appel de fonds sera effectu\u00e9 en d\u00e9but 2027. L\u2019adh\u00e9sion est souscrite pour l\u2019ann\u00e9e civile et tacitement reconduite en d\u00e9but d\u2019ann\u00e9e.<\/label><\/p>\n","protected":false},"featured_media":8408,"comment_status":"closed","ping_status":"closed","template":"","meta":[],"product_brand":[],"product_cat":[173],"product_tag":[],"class_list":{"0":"post-4324","1":"product","2":"type-product","3":"status-publish","4":"has-post-thumbnail","6":"product_cat-adhesion-2026","8":"first","9":"instock","10":"shipping-taxable","11":"purchasable","12":"product-type-simple"},"yoast_head":"<!-- This site is optimized with the Yoast SEO plugin v27.3 - https:\/\/yoast.com\/product\/yoast-seo-wordpress\/ -->\n<title>Rejoindre PULSE B\u00e9ziers M\u00e9diterran\u00e9e - PULSE<\/title>\n<meta name=\"robots\" content=\"index, follow, max-snippet:-1, max-image-preview:large, max-video-preview:-1\" \/>\n<link rel=\"canonical\" href=\"https:\/\/pulse-beziers.fr\/index.php\/produit\/rejoindre-pulse-beziers-mediterranee\/\" \/>\n<meta property=\"og:locale\" content=\"fr_FR\" \/>\n<meta property=\"og:type\" content=\"article\" \/>\n<meta property=\"og:title\" content=\"Rejoindre PULSE B\u00e9ziers M\u00e9diterran\u00e9e - PULSE\" \/>\n<meta property=\"og:description\" content=\"Rejoindre PULSE B\u00e9ziers M\u00e9diterran\u00e9e, c\u2019est int\u00e9grer un r\u00e9seau d\u2019entreprises, d\u2019institutions, d\u2019acteurs de la formation, de structures d\u2019accompagnement et de collectivit\u00e9s engag\u00e9s dans le d\u00e9veloppement \u00e9conomique du Biterrois.  Montant de la cotisation 2026 : 50 \u20ac\u00a0  L\u2019adh\u00e9sion sera effective \u00e0 r\u00e9ception du r\u00e8glement. Un appel de fonds sera effectu\u00e9 en d\u00e9but 2027. L\u2019adh\u00e9sion est souscrite pour l\u2019ann\u00e9e civile et tacitement reconduite en d\u00e9but d\u2019ann\u00e9e.\" \/>\n<meta property=\"og:url\" content=\"https:\/\/pulse-beziers.fr\/index.php\/produit\/rejoindre-pulse-beziers-mediterranee\/\" \/>\n<meta property=\"og:site_name\" content=\"PULSE\" \/>\n<meta property=\"article:modified_time\" content=\"2025-12-04T11:33:38+00:00\" \/>\n<meta property=\"og:image\" content=\"https:\/\/pulse-beziers.fr\/wp-content\/uploads\/2024\/02\/PRODUIT-2026-ADHESION.png\" \/>\n\t<meta property=\"og:image:width\" content=\"1179\" \/>\n\t<meta property=\"og:image:height\" content=\"1028\" \/>\n\t<meta property=\"og:image:type\" content=\"image\/png\" \/>\n<meta name=\"twitter:card\" content=\"summary_large_image\" \/>\n<meta name=\"twitter:label1\" content=\"Dur\u00e9e de lecture estim\u00e9e\" \/>\n\t<meta name=\"twitter:data1\" content=\"1 minute\" \/>\n<script type=\"application\/ld+json\" class=\"yoast-schema-graph\">{\"@context\":\"https:\\\/\\\/schema.org\",\"@graph\":[{\"@type\":\"WebPage\",\"@id\":\"https:\\\/\\\/pulse-beziers.fr\\\/index.php\\\/produit\\\/rejoindre-pulse-beziers-mediterranee\\\/\",\"url\":\"https:\\\/\\\/pulse-beziers.fr\\\/index.php\\\/produit\\\/rejoindre-pulse-beziers-mediterranee\\\/\",\"name\":\"Rejoindre PULSE B\u00e9ziers M\u00e9diterran\u00e9e - PULSE\",\"isPartOf\":{\"@id\":\"https:\\\/\\\/pulse-beziers.fr\\\/#website\"},\"primaryImageOfPage\":{\"@id\":\"https:\\\/\\\/pulse-beziers.fr\\\/index.php\\\/produit\\\/rejoindre-pulse-beziers-mediterranee\\\/#primaryimage\"},\"image\":{\"@id\":\"https:\\\/\\\/pulse-beziers.fr\\\/index.php\\\/produit\\\/rejoindre-pulse-beziers-mediterranee\\\/#primaryimage\"},\"thumbnailUrl\":\"https:\\\/\\\/pulse-beziers.fr\\\/wp-content\\\/uploads\\\/2024\\\/02\\\/PRODUIT-2026-ADHESION.png\",\"datePublished\":\"2024-02-08T08:21:11+00:00\",\"dateModified\":\"2025-12-04T11:33:38+00:00\",\"breadcrumb\":{\"@id\":\"https:\\\/\\\/pulse-beziers.fr\\\/index.php\\\/produit\\\/rejoindre-pulse-beziers-mediterranee\\\/#breadcrumb\"},\"inLanguage\":\"fr-FR\",\"potentialAction\":[{\"@type\":\"ReadAction\",\"target\":[\"https:\\\/\\\/pulse-beziers.fr\\\/index.php\\\/produit\\\/rejoindre-pulse-beziers-mediterranee\\\/\"]}]},{\"@type\":\"ImageObject\",\"inLanguage\":\"fr-FR\",\"@id\":\"https:\\\/\\\/pulse-beziers.fr\\\/index.php\\\/produit\\\/rejoindre-pulse-beziers-mediterranee\\\/#primaryimage\",\"url\":\"https:\\\/\\\/pulse-beziers.fr\\\/wp-content\\\/uploads\\\/2024\\\/02\\\/PRODUIT-2026-ADHESION.png\",\"contentUrl\":\"https:\\\/\\\/pulse-beziers.fr\\\/wp-content\\\/uploads\\\/2024\\\/02\\\/PRODUIT-2026-ADHESION.png\",\"width\":1179,\"height\":1028},{\"@type\":\"BreadcrumbList\",\"@id\":\"https:\\\/\\\/pulse-beziers.fr\\\/index.php\\\/produit\\\/rejoindre-pulse-beziers-mediterranee\\\/#breadcrumb\",\"itemListElement\":[{\"@type\":\"ListItem\",\"position\":1,\"name\":\"Accueil\",\"item\":\"https:\\\/\\\/pulse-beziers.fr\\\/\"},{\"@type\":\"ListItem\",\"position\":2,\"name\":\"Boutique\",\"item\":\"https:\\\/\\\/pulse-beziers.fr\\\/index.php\\\/boutique\\\/\"},{\"@type\":\"ListItem\",\"position\":3,\"name\":\"Rejoindre PULSE B\u00e9ziers M\u00e9diterran\u00e9e\"}]},{\"@type\":\"WebSite\",\"@id\":\"https:\\\/\\\/pulse-beziers.fr\\\/#website\",\"url\":\"https:\\\/\\\/pulse-beziers.fr\\\/\",\"name\":\"PULSE\",\"description\":\"B\u00e9ziers M\u00e9diterran\u00e9e\",\"publisher\":{\"@id\":\"https:\\\/\\\/pulse-beziers.fr\\\/#organization\"},\"potentialAction\":[{\"@type\":\"SearchAction\",\"target\":{\"@type\":\"EntryPoint\",\"urlTemplate\":\"https:\\\/\\\/pulse-beziers.fr\\\/?s={search_term_string}\"},\"query-input\":{\"@type\":\"PropertyValueSpecification\",\"valueRequired\":true,\"valueName\":\"search_term_string\"}}],\"inLanguage\":\"fr-FR\"},{\"@type\":\"Organization\",\"@id\":\"https:\\\/\\\/pulse-beziers.fr\\\/#organization\",\"name\":\"PULSE\",\"url\":\"https:\\\/\\\/pulse-beziers.fr\\\/\",\"logo\":{\"@type\":\"ImageObject\",\"inLanguage\":\"fr-FR\",\"@id\":\"https:\\\/\\\/pulse-beziers.fr\\\/#\\\/schema\\\/logo\\\/image\\\/\",\"url\":\"https:\\\/\\\/pulse-beziers.fr\\\/wp-content\\\/uploads\\\/2023\\\/10\\\/PULSE_OK.png\",\"contentUrl\":\"https:\\\/\\\/pulse-beziers.fr\\\/wp-content\\\/uploads\\\/2023\\\/10\\\/PULSE_OK.png\",\"width\":1490,\"height\":506,\"caption\":\"PULSE\"},\"image\":{\"@id\":\"https:\\\/\\\/pulse-beziers.fr\\\/#\\\/schema\\\/logo\\\/image\\\/\"}}]}<\/script>\n<!-- \/ Yoast SEO plugin. -->","yoast_head_json":{"title":"Rejoindre PULSE B\u00e9ziers M\u00e9diterran\u00e9e - PULSE","robots":{"index":"index","follow":"follow","max-snippet":"max-snippet:-1","max-image-preview":"max-image-preview:large","max-video-preview":"max-video-preview:-1"},"canonical":"https:\/\/pulse-beziers.fr\/index.php\/produit\/rejoindre-pulse-beziers-mediterranee\/","og_locale":"fr_FR","og_type":"article","og_title":"Rejoindre PULSE B\u00e9ziers M\u00e9diterran\u00e9e - PULSE","og_description":"Rejoindre PULSE B\u00e9ziers M\u00e9diterran\u00e9e, c\u2019est int\u00e9grer un r\u00e9seau d\u2019entreprises, d\u2019institutions, d\u2019acteurs de la formation, de structures d\u2019accompagnement et de collectivit\u00e9s engag\u00e9s dans le d\u00e9veloppement \u00e9conomique du Biterrois.  Montant de la cotisation 2026 : 50 \u20ac\u00a0  L\u2019adh\u00e9sion sera effective \u00e0 r\u00e9ception du r\u00e8glement. Un appel de fonds sera effectu\u00e9 en d\u00e9but 2027. L\u2019adh\u00e9sion est souscrite pour l\u2019ann\u00e9e civile et tacitement reconduite en d\u00e9but d\u2019ann\u00e9e.","og_url":"https:\/\/pulse-beziers.fr\/index.php\/produit\/rejoindre-pulse-beziers-mediterranee\/","og_site_name":"PULSE","article_modified_time":"2025-12-04T11:33:38+00:00","og_image":[{"width":1179,"height":1028,"url":"https:\/\/pulse-beziers.fr\/wp-content\/uploads\/2024\/02\/PRODUIT-2026-ADHESION.png","type":"image\/png"}],"twitter_card":"summary_large_image","twitter_misc":{"Dur\u00e9e de lecture estim\u00e9e":"1 minute"},"schema":{"@context":"https:\/\/schema.org","@graph":[{"@type":"WebPage","@id":"https:\/\/pulse-beziers.fr\/index.php\/produit\/rejoindre-pulse-beziers-mediterranee\/","url":"https:\/\/pulse-beziers.fr\/index.php\/produit\/rejoindre-pulse-beziers-mediterranee\/","name":"Rejoindre PULSE B\u00e9ziers M\u00e9diterran\u00e9e - PULSE","isPartOf":{"@id":"https:\/\/pulse-beziers.fr\/#website"},"primaryImageOfPage":{"@id":"https:\/\/pulse-beziers.fr\/index.php\/produit\/rejoindre-pulse-beziers-mediterranee\/#primaryimage"},"image":{"@id":"https:\/\/pulse-beziers.fr\/index.php\/produit\/rejoindre-pulse-beziers-mediterranee\/#primaryimage"},"thumbnailUrl":"https:\/\/pulse-beziers.fr\/wp-content\/uploads\/2024\/02\/PRODUIT-2026-ADHESION.png","datePublished":"2024-02-08T08:21:11+00:00","dateModified":"2025-12-04T11:33:38+00:00","breadcrumb":{"@id":"https:\/\/pulse-beziers.fr\/index.php\/produit\/rejoindre-pulse-beziers-mediterranee\/#breadcrumb"},"inLanguage":"fr-FR","potentialAction":[{"@type":"ReadAction","target":["https:\/\/pulse-beziers.fr\/index.php\/produit\/rejoindre-pulse-beziers-mediterranee\/"]}]},{"@type":"ImageObject","inLanguage":"fr-FR","@id":"https:\/\/pulse-beziers.fr\/index.php\/produit\/rejoindre-pulse-beziers-mediterranee\/#primaryimage","url":"https:\/\/pulse-beziers.fr\/wp-content\/uploads\/2024\/02\/PRODUIT-2026-ADHESION.png","contentUrl":"https:\/\/pulse-beziers.fr\/wp-content\/uploads\/2024\/02\/PRODUIT-2026-ADHESION.png","width":1179,"height":1028},{"@type":"BreadcrumbList","@id":"https:\/\/pulse-beziers.fr\/index.php\/produit\/rejoindre-pulse-beziers-mediterranee\/#breadcrumb","itemListElement":[{"@type":"ListItem","position":1,"name":"Accueil","item":"https:\/\/pulse-beziers.fr\/"},{"@type":"ListItem","position":2,"name":"Boutique","item":"https:\/\/pulse-beziers.fr\/index.php\/boutique\/"},{"@type":"ListItem","position":3,"name":"Rejoindre PULSE B\u00e9ziers M\u00e9diterran\u00e9e"}]},{"@type":"WebSite","@id":"https:\/\/pulse-beziers.fr\/#website","url":"https:\/\/pulse-beziers.fr\/","name":"PULSE","description":"B\u00e9ziers M\u00e9diterran\u00e9e","publisher":{"@id":"https:\/\/pulse-beziers.fr\/#organization"},"potentialAction":[{"@type":"SearchAction","target":{"@type":"EntryPoint","urlTemplate":"https:\/\/pulse-beziers.fr\/?s={search_term_string}"},"query-input":{"@type":"PropertyValueSpecification","valueRequired":true,"valueName":"search_term_string"}}],"inLanguage":"fr-FR"},{"@type":"Organization","@id":"https:\/\/pulse-beziers.fr\/#organization","name":"PULSE","url":"https:\/\/pulse-beziers.fr\/","logo":{"@type":"ImageObject","inLanguage":"fr-FR","@id":"https:\/\/pulse-beziers.fr\/#\/schema\/logo\/image\/","url":"https:\/\/pulse-beziers.fr\/wp-content\/uploads\/2023\/10\/PULSE_OK.png","contentUrl":"https:\/\/pulse-beziers.fr\/wp-content\/uploads\/2023\/10\/PULSE_OK.png","width":1490,"height":506,"caption":"PULSE"},"image":{"@id":"https:\/\/pulse-beziers.fr\/#\/schema\/logo\/image\/"}}]}},"jetpack_sharing_enabled":true,"_links":{"self":[{"href":"https:\/\/pulse-beziers.fr\/index.php\/wp-json\/wp\/v2\/product\/4324","targetHints":{"allow":["GET"]}}],"collection":[{"href":"https:\/\/pulse-beziers.fr\/index.php\/wp-json\/wp\/v2\/product"}],"about":[{"href":"https:\/\/pulse-beziers.fr\/index.php\/wp-json\/wp\/v2\/types\/product"}],"replies":[{"embeddable":true,"href":"https:\/\/pulse-beziers.fr\/index.php\/wp-json\/wp\/v2\/comments?post=4324"}],"wp:featuredmedia":[{"embeddable":true,"href":"https:\/\/pulse-beziers.fr\/index.php\/wp-json\/wp\/v2\/media\/8408"}],"wp:attachment":[{"href":"https:\/\/pulse-beziers.fr\/index.php\/wp-json\/wp\/v2\/media?parent=4324"}],"wp:term":[{"taxonomy":"product_brand","embeddable":true,"href":"https:\/\/pulse-beziers.fr\/index.php\/wp-json\/wp\/v2\/product_brand?post=4324"},{"taxonomy":"product_cat","embeddable":true,"href":"https:\/\/pulse-beziers.fr\/index.php\/wp-json\/wp\/v2\/product_cat?post=4324"},{"taxonomy":"product_tag","embeddable":true,"href":"https:\/\/pulse-beziers.fr\/index.php\/wp-json\/wp\/v2\/product_tag?post=4324"}],"curies":[{"name":"wp","href":"https:\/\/api.w.org\/{rel}","templated":true}]}}